 Calculate the remainder when d is divided by 9.
6
Suppose 4*o + 110 = 2*o. Suppose -64 + 12 = -3*j - 5*v, -5*j + 78 = 4*v. What is the remainder when -3*(-2)/(-6)*o is divided by j?
13
Calculate the remainder when (5 + 2)*(2 - (-405)/21) is divided by 38.
35
Let m = -141 + 251. What is the remainder when m is divided by 37?
36
Suppose 76 = -4*i + v, 5*i + 150 = -4*v + 34. Let f be 1 + (-7)/5 + 258/(-30). Let d = f - i. Calculate the remainder when 20 is divided by d.
9
Calculate the remainder when 153 is divided by (-30)/(-45)*(43 + 2) + 1.
29
Let t(q) = 4*q - 23. Let x be t(-14). Let i = x + 111. What is the remainder when 60 is divided by i?
28
Let s = 23 + 53. Let a(k) = -k**2 + 2*k. Let t be a(2). Suppose 5*m - m - 104 = t. What is the remainder when s is divided by m?
24
Suppose 0 = -0*f - 3*f - 630. What is the remainder when 79 is divided by (4/8)/((-5)/f)?
16
Let p(h) = -2*h - 6. Let b be p(-3). Suppose -5*g + 6*g - 40 = b. Suppose g = 5*x - 3*o - 39, -5*x - 2*o = -64. What is the remainder when 67 is divided by x?
11
Let x = -359 + 847. Calculate the remainder when x is divided by 160.
8
Let h be ((-9)/4)/((-3)/216). Suppose -9*l + 15*l = h. What is the remainder when l is divided by 4?
3
Let o(q) = q**2 - 6*q + 10. Calculate the remainder when 4/12*(-2 - -71) is divided by o(5).
3
Let m = -8 + 10. Suppose -156 = -3*q + 3*u, -m*u = -3*q + 6*q - 131. What is the remainder when q is divided by 16?
15
Suppose 192 = 3*k - 3*s, -2*s + 350 = 5*k + 16. What is the remainder when k is divided by 35?
31
Let b(t) = t**2 - t + 2. Let r = -20 - -23. Calculate the remainder when b(4) is divided by 2/r*(-90)/(-12).
4
Let b = -32 - -25. Let j(i) = -3*i - 8. Calculate the remainder when 63 is divided by j(b).
11
Suppose l - 5*y = -3*y + 42, -5*l - 2*y + 198 = 0. Let s = l - 18. What is the remainder when 85 is divided by s?
19
Let h(v) = v**3 + 15*v**2 + 33*v + 10. What is the remainder when 545 is divided by h(-12)?
39
Let s = 378 + -364. Calculate the remainder when 25 is divided by s.
11
Let f(z) = 2*z**2 - 23*z + 9. Let h be f(10). Let c(m) = -m**2 - 21*m + 22. Calculate the remainder when 108 is divided by c(h).
20
Let s(v) = 2*v**2 - 30*v + 12. Let y be s(14). Calculate the remainder when 54 is divided by (-4)/y + (-55)/(-4).
12
Suppose 0 = g - 4, 2*s - 2*g + 4*g = 54. Let m = s - 15. What is the remainder when 14 is divided by m/24 + 46/6?
6
Suppose 0 = -14*f + 463 + 307. What is the remainder when f is divided by 34?
21
Suppose 0 = -q + 3, 4*q + 7 = 2*w - 15. Suppose -4*a - 468 = k, 3*a - 602 = 8*a - 3*k. Let m = 151 + a. Calculate the remainder when m is divided by w.
16
What is the remainder when 289 is divided by -11 - (15 - 25) - 70*-1?
13
Let m(j) = 6*j - 24 + 16 - 14*j. Calculate the remainder when 75 is divided by m(-3).
11
Suppose -z + 2*b - 24 = -2*z, -5 = -b. Let j = z - 7. Calculate the remainder when j is divided by 5.
2
Suppose -4*v = -204 + 536. Let t = -78 - v. What is the remainder when t is divided by 4?
1
Calculate the remainder when (7/(-21))/((-3)/207) is divided by 13.
10
Let p(n) be the second derivative of -n**4/6 - n**3/6 - 3*n**2/2 + 5*n. Let f be p(-4). Let l = 12 - f. What is the remainder when l is divided by 15?
13
Suppose 42 = 25*m - 11*m. What is the remainder when 24 is divided by m?
0
Suppose -692 = 4*j - 1588. What is the remainder when j is divided by 23?
17
Let k(u) = -3*u. Let s be k(-1). Suppose 3*a - 5*i + 75 = a, 0 = 3*a - s*i + 117. Calculate the remainder when (-173)/(-5) + (-16)/a is divided by 12.
11
Suppose 0 = -r + 4*r + 228. Let b = -64 - r. Let t = 103 - 68. Calculate the remainder when t is divided by b.
11
Let u(g) = g - 57. What is the remainder when 13 is divided by u(61)?
1
Suppose 3 = 3*g, 135 = 2*c - 3*g + 42. What is the remainder when 141 is divided by c?
45
Suppose 0 = -0*r - 2*r. Calculate the remainder when (31 + r)/(3/3) is divided by 11.
9
Let g = 446 + -373. Calculate the remainder when g is divided by 37.
36
Let u(n) = n**2 + 6*n - 6. Let c be u(-7). Let w = 5 - c. Suppose 2*a = 4*o - 12, -4*o + w + 14 = a. Calculate the remainder when 3 is divided by a.
1
Let u be (-11)/(-2) + 10/(-20). Suppose -w = -u*w + 100. What is the remainder when 249 is divided by w?
24
Calculate the remainder when 910 is divided by 610/8 + -6*2/48.
74
Suppose -3*h = -6*h + i + 10, -2*i = 5*h - 13. Calculate the remainder when 271 is divided by h.
1
Let p = 1 + 58. Suppose 0 = -r + 5*b + p, -3*r + 151 = -0*b - 2*b. What is the remainder when r is divided by 5?
4
Calculate the remainder when (-16)/56 - (-2 + (-438)/14) is divided by 10.
3
Suppose -5*a + 78 = -272. Calculate the remainder when a is divided by 15.
10
Let x(i) = 15*i - 934. Let p be (-1 + 0 + -1)/(-2). What is the remainder when 1 + 0 - p*-50 is divided by x(64)?
25
Let w be -6 + 177 + 6/2. What is the remainder when 499/7 + 2/(-7) is divided by (-2 - w/(-9)) + 2/3?
17
Let i = 575 - 563. What is the remainder when 130 is divided by i?
10
Let i = -37 - -93. Let z be ((-4)/12)/((-2)/12). Suppose -2*w = z*q + 2*q - 52, -3*w = 12. What is the remainder when i is divided by q?
11
Let o = 0 - -14. Suppose 10*m - o*m = -160. What is the remainder when m is divided by 11?
7
Suppose 3*t + j - 521 = 0, 5*t - 4*j = 18 + 822. Calculate the remainder when t is divided by 11.
7
Suppose -126 = -24*l + 18*l. What is the remainder when (-9)/(3/l*-1) is divided by 16?
15
Let j = 6 - -10. Calculate the remainder when ((-25)/(-5) - 4)/(1/29) is divided by j.
13
Suppose 5*h - 23*n = -20*n + 267, 4*h + 3*n - 192 = 0. What is the remainder when 560 is divided by h?
50
Suppose 11*s - 381 - 532 = 0. Calculate the remainder when s is divided by 28.
27
What is the remainder when 6 is divided by (-8 - -26)/3 - (0 + 2)?
2
Suppose 4*z - 83 - 85 = 0. Suppose -v + z = -9. Suppose 87 = 3*a + 3*u, 2*a - 48 = -u + 4*u. Calculate the remainder when v is divided by a.
24
Let v be (5/10)/(2/(-744)). Let x be 5/15 + v/(-9). Let m = -18 + x. What is the remainder when 6 is divided by m?
0
Suppose 4*v - 5 - 7 = 3*b, 2*b + v - 3 = 0. Suppose c = 3*z + 17 + 1, b = -3*c - z + 54. Calculate the remainder when ((-6)/(-4))/((-2)/(-116)) is divided by c.
15
Let g(r) = 2*r**2 + 4*r + 5. Let d be g(-1). Suppose -2*a + 1 = -3. What is the remainder when a is divided by 0 + (5/1 - d)?
0
Let r(j) = -8*j**2 - 102*j + 33. Calculate the remainder when 466 is divided by r(-13).
4
Let g = 13904 - 13764. Let m(b) = -b**3 - b**2 + 3*b + 4. What is the remainder when g is divided by m(-3)?
10
Let c(h) = -h**3 - 26*h**2 - 8*h + 28. What is the remainder when c(-26) is divided by 40?
36
What is the remainder when 107 is divided by 343/5 + (-20)/((-1600)/(-48))?
39
Suppose 0 = -4*n + 5*r + 371, -r - 411 = -4*n - 4*r. Suppose 28*f - 918 = f. What is the remainder when n is divided by f?
31
Let r = 17 - 12. Let a = -2 + 34. Let f = a - 21. What is the remainder when f is divided by r?
1
Suppose n = -2 + 3. Suppose -3*o + 5 = -n. Suppose -3*r + 365 = o*r. What is the remainder when r is divided by 25?
23
Let n = 32 + 0. Suppose 5*s = o - 52, -2*o - 127*s = -124*s - 130. What is the remainder when o is divided by n?
30
Suppose -608*y = -639*y + 7657. What is the remainder when y is divided by 8?
7
Let b = 113 + -94. Suppose -2*x + 0*x - 15 = -q, -q = -4*x - b. What is the remainder when 22 is divided by q?
0
Let p be (27/(-1) - -2) + 4. Let t = -12 - p. Suppose t*g - 7*g - 36 = 0. Calculate the remainder when 33 is divided by g.
15
What is the remainder when 5 - (2 + 0 - 994) is divided by 50?
47
Suppose -2*i - 2*m - 14 + 88 = 0, 5*i = -4*m + 188. Calculate the remainder when 114 is divided by i.
34
Calculate the remainder when 642 is divided by (-24)/12*43/(-2).
40
Let t(q) = -q**3 - 28*q**2 - 45*q + 16. Calculate the remainder when t(-27) is divided by 42.
40
Let g(r) = -r + 1. Let f be 12*(-4)/48*-4. Let q be g(f). Let p(l) = -3*l**3 - l**2 - 2*l - 4. What is the remainder when p(q) is divided by 19?
17
Let r = -666 - -735. Let s(v) = -11*v + 4. Calculate the remainder when r is divided by s(-3).
32
Suppose -2 = -w + 18. Let h = 165 + -68. What is the remainder when h is divided by w?
17
Let z(j) = j**3 - 10*j**2 - 7*j + 19. Calculate the remainder when z(11) is divided by 6.
3
Let l(a) = a + 14. Le